{"id":979,"date":"2016-02-19T06:35:00","date_gmt":"2016-02-19T06:35:00","guid":{"rendered":"http:\/\/consulting.stylemixthemes.com\/?page_id=979"},"modified":"2019-08-27T06:47:58","modified_gmt":"2019-08-27T06:47:58","slug":"home-2","status":"publish","type":"page","link":"https:\/\/hjalmcon.se\/","title":{"rendered":"home"},"content":{"rendered":"<p>[vc_row css=&#8221;.vc_custom_1450677977665{margin-bottom: 0px !important;}&#8221;][vc_column][rev_slider_vc alias=&#8221;main_slider&#8221;][stm_spacing][\/vc_column][\/vc_row][vc_row css=&#8221;.vc_custom_1450856873482{margin-bottom: 37px !important;}&#8221;][vc_column width=&#8221;1\/4&#8243;][vc_empty_space height=&#8221;50px&#8221;][vc_single_image image=&#8221;1896&#8243; img_size=&#8221;medium&#8221; style=&#8221;vc_box_circle_2&#8243;][stm_icon_box]<strong>Markus Edholm<\/strong><\/p>\n<p><strong><span class=\"color_11\">VD \/ Senior Konsult<\/span><\/strong>[\/stm_icon_box][\/vc_column][vc_column width=&#8221;3\/4&#8243;][stm_icon_box title=&#8221;V\u00e4lkommen till Hjalmcon AB&#8221;]Hjalmcon AB \u00e4r ett enpersonsbolag som startade 2019.<\/p>\n<p>Efter 12 \u00e5r som IT konsult och lika m\u00e5nga \u00e5r p\u00e5 kundsidan \u00e4r det nu dags f\u00f6r mig att starta mitt eget f\u00f6retag. F\u00f6retaget heter Hjalmcon AB.<\/p>\n<p>H\u00e4r erbjuder jag IT konsulttj\u00e4nster inom projekt\/f\u00f6r\u00e4ndrings-ledning, kompetensf\u00f6rst\u00e4rkning, arkitektur och integrationsl\u00f6sningar. Har du behov av att driva en f\u00f6r\u00e4ndringsresa, ett projekt d\u00e4r ni beh\u00f6ver st\u00f6d, en interimsroll ni beh\u00f6ver fylla under en period eller projektledningsst\u00f6d\/arkitektur\/design inom integrationsomr\u00e5det s\u00e5 tveka inte att ta kontakt. Beh\u00f6ver ni hj\u00e4lp att effektivisera era GDPR rutiner och processer eller kanske ska ert f\u00f6retag implementera SOX. Ska ni omorganisera inom IT, driva ITIL processer, \u201cin\/out\/mixed sourca\u201d eller starta upp en ny servicedesk. Kanske \u00e4r ni i startgropen med att skapa f\u00f6retagets servicekatalog eller i behov av att uppdatera densamma f\u00f6r att st\u00f6dja ert f\u00f6retags f\u00f6r\u00e4ndringsresa. \u00c4r det tid att dokumentera era processer och system?<\/p>\n<p>Jag har \u00f6ver 20 \u00e5rs erfarenhet av IT branschen d\u00e4r min IT resa startade 1995 i Helsingborg. Denna resa har tagit mig fr\u00e5n utvecklings\/design och arkitekturuppdrag inom Enterprise och Business till Business Integration, genom projektledaruppdrag, IT-arkitekturroller, Team ledare, IT driftschefs positioner till IT-chef. Jag har lett IT verksamheter genom \u201dout-sourcing\u201d, \u201din-sourcing\u201d samt \u201dmixed sourcing\u201d. Implementerat europeiska ERP l\u00f6sningar och globala integrationsplattformar. Drivit verksamhetsf\u00f6r\u00e4ndringar fr\u00e5n styrning mot ett lokalt fokus, \u00f6ver nordiskt, till europeiskt fokus och tillbaka igen. Implementerat SOX- och GDPR-program p\u00e5 Nordisk niv\u00e5. Implementerat IT-leveransmodeller som bygger p\u00e5 effektiva och optimerade ITIL-processer inklusive in-\/out- och mixed sourced servicedesks. Arbetat med \u201ddue dilligence\u201d uppdrag i f\u00f6retags f\u00f6rv\u00e4rv\/avyttring. Implementerat solid IT-infrastruktur f\u00f6r en helautomatisk fabrik med tillh\u00f6rande lager. Jag har etablerat nya IT-organisationer samt hanterat \u00f6verg\u00e5ngar till nya IT-leveranser. Arbetat som ensam konsult, i team, som linjechef och nu som \u00e4gare till mitt egna f\u00f6retag, Hjalmcon AB.[\/stm_icon_box][\/vc_column][\/vc_row][vc_row full_width=&#8221;stretch_row&#8221; el_class=&#8221;overlay_2 fixed_bg&#8221; css=&#8221;.vc_custom_1560151247811{padding-top: 66px !important;padding-bottom: 66px !important;background-image: url(http:\/\/hjalmcon.se\/wp-content\/uploads\/2019\/06\/IMG_20180908_192624_resized_20190605_124835849_r-1.jpg?id=1753) !important;background-position: center !important;background-repeat: no-repeat !important;background-size: cover !important;}&#8221;][vc_column][vc_custom_heading text=&#8221;<mark>it<\/mark> consulting&#8221; font_container=&#8221;tag:div|font_size:28px|text_align:center|color:%23ffffff|line_height:34px&#8221; google_fonts=&#8221;font_family:Poppins%3A300%2Cregular%2C500%2C600%2C700|font_style:700%20bold%3A700%3Anormal&#8221; subtitle=&#8221;Infinite possibilities. Endless opportunities.&#8221; subtitle_color=&#8221;#ffffff&#8221;][\/vc_column][\/vc_row][vc_row full_width=&#8221;stretch_row&#8221; css=&#8221;.vc_custom_1451476985704{padding-top: 53px !important;padding-bottom: 70px !important;background-color: #f2f2f2 !important;}&#8221;][vc_column][vc_custom_heading text=&#8221;tidigare uppdrag&#8221; font_container=&#8221;tag:h2|font_size:45px|text_align:center|line_height:60px&#8221; use_theme_fonts=&#8221;yes&#8221; el_class=&#8221;base_font_color&#8221; css=&#8221;.vc_custom_1566811232955{margin-bottom: 76px !important;}&#8221;][vc_row_inner css=&#8221;.vc_custom_1450870589488{margin-bottom: 48px !important;}&#8221;][vc_column_inner width=&#8221;1\/3&#8243;][stm_icon_box icon=&#8221;stm-stm14-arrow&#8221; style=&#8221;icon_left&#8221; icon_size=&#8221;15&#8243; icon_width=&#8221;70&#8243; title=&#8221;Head of Nordic IT, Findus Sverige AB&#8221;]<em>2016-09\u00a0 \u2013 2019-05<\/em><\/p>\n<p>Head of Nordic IT p\u00e5 Findus (Danmark, Finland, Norge och Sverige). Medlem i gruppens (Nomad Foods) Project Portfolio Management och dess IT Styrning.[\/stm_icon_box][\/vc_column_inner][vc_column_inner width=&#8221;1\/3&#8243;][stm_icon_box icon=&#8221;stm-stm14-arrow&#8221; style=&#8221;icon_left&#8221; icon_size=&#8221;22&#8243; icon_width=&#8221;70&#8243; title=&#8221;Driftschef (IT Operations Manager), Findus Sverige AB&#8221;]<em>2013-05 \u00a0\u2013 2016-08<\/em><\/p>\n<p>IT Operations Manager p\u00e5 Findus (Sverige, Norge, Finland och Danmark). Ansvarig f\u00f6r all Nordisk IT drift (IT Operations) samt v\u00e5r Franska hosting. Ansvar f\u00f6r applikationer, servicedesk, klienthantering och infrastruktur. Medlem i Findus Nordiska IT ledningen. Process\u00e4gare f\u00f6r Findus &#8220;Incident&#8221;, &#8220;Service Request&#8221;, &#8220;Problem&#8221; och &#8220;Change&#8221; processer. Leder Findus &#8220;Change Advisory Board&#8221; (CAB). Teamchef f\u00f6r \u00e5tta anst\u00e4llda samt leder v\u00e5ra tv\u00e5 &#8220;outsourcing&#8221; partners som levererar infrastruktur, servicedesk och klienthantering.<\/p>\n<p>F\u00f6retaget g\u00e5r mot en mer lokal aff\u00e4rsmodell med uppdaterade m\u00e5l och ny strategi. Nyckelord \u00e4r &#8220;operational excellence&#8221;, &#8220;core categories&#8221; och &#8220;simplifying&#8221;.[\/stm_icon_box][\/vc_column_inner][vc_column_inner width=&#8221;1\/3&#8243;][stm_icon_box icon=&#8221;stm-stm14-arrow&#8221; style=&#8221;icon_left&#8221; icon_size=&#8221;22&#8243; icon_width=&#8221;70&#8243; title=&#8221;Nordic IT Teamchef \/ Systemarkitekt, Findus Sverige AB&#8221;]<em>2011-08 \u00a0\u2013 \u00a02013-05<\/em><\/p>\n<p>Nordisk IT Teamchef och systemarkitekt p\u00e5 Findus Group. Ansvarig f\u00f6r Findus Nordens &#8220;Change&#8221; process med dess interna &#8220;Change Advisory Board&#8221; (CAB). Leder ett team av specialister och arbetar i gr\u00e4nslandet mellan verksamhetens aff\u00e4rsprocesser och ITs systemlandskap. F\u00f6resl\u00e5, komma \u00f6verens om, samt leverera IT tj\u00e4nster. Specialiteter: Enterprise arkitektur med speciellt fokus p\u00e5 integration\/EDI, IT styrning (&#8220;governance&#8221;) och master data.<\/p>\n<p>Stabilisera\/effektivisera och bygg f\u00f6r l\u00f6nsamhet. Fokus p\u00e5 kluster synergier i f\u00f6retaget.[\/stm_icon_box][\/vc_column_inner][\/vc_row_inner][vc_row_inner][vc_column_inner width=&#8221;1\/3&#8243;][stm_icon_box icon=&#8221;stm-stm14-arrow&#8221; style=&#8221;icon_left&#8221; icon_size=&#8221;24&#8243; icon_width=&#8221;70&#8243; title=&#8221;Systemarkitekt, Findus Sverige AB&#8221;]<em>2007-04\u00a0 \u2013\u00a0 2011-08<\/em><\/p>\n<p>Systemarkitekt med uppdrag att s\u00e4kerst\u00e4lla att alla IT l\u00f6sningar m\u00f6ter f\u00f6retagets strategier och m\u00e5ls\u00e4ttningar samt proaktivt arbeta med framtidens l\u00f6sningar.[\/stm_icon_box][\/vc_column_inner][vc_column_inner width=&#8221;1\/3&#8243;][stm_icon_box icon=&#8221;stm-stm14-arrow&#8221; style=&#8221;icon_left&#8221; icon_size=&#8221;28&#8243; icon_width=&#8221;70&#8243; title=&#8221;Senior konsult, Sogeti&#8221;]<em>2003-01\u00a0 \u2013\u00a0 2007-04<\/em><\/p>\n<p>Arbetar med integrationsprojekt som seniorkonsult. Arbetet inneb\u00e4r flera utlandsuppdrag i exempelvis England, Frankrike, \u00d6sterrike, Norge, Spanien, Finland, Tyskland och USA. Mellan 2004 och 2006 var jag ansvarig f\u00f6r Sogeti Syd\u2019s kompetensomr\u00e5de \u201cIntegrations Centre of Excellence\u201d.[\/stm_icon_box][\/vc_column_inner][vc_column_inner width=&#8221;1\/3&#8243;][stm_icon_box icon=&#8221;stm-stm14-arrow&#8221; style=&#8221;icon_left&#8221; icon_size=&#8221;20&#8243; icon_width=&#8221;70&#8243; title=&#8221;Konsult, Cap Gemini Ernst &amp; Young&#8221;]<em>2000-01\u00a0 \u2013\u00a0 2003-01<\/em><\/p>\n<p>Ett nytt f\u00f6retag skapades efter att ett av Sveriges ikoniska varum\u00e4rke f\u00f6rv\u00e4rvas. Mitt uppdrag var att integrera alla existerande system med de nya systemen som implementerades under &#8220;due diligence&#8221; fasen samtidigt som vi skapade framtidens IT landskap med en helt ny arkitektur. Mitt ansvar i detta globala integrationsprojekt var att skapa b\u00e5de arkitekturen och implementera en modell f\u00f6r support och framtida underh\u00e5ll. Inom uppdraget integrerade vi \u00f6ver 40 interna IT system i \u00f6ver 300 integrationer. Ut\u00f6ver detta skapades interface mot uppf\u00f6ljningsl\u00f6sningar, externa kunder, leverant\u00f6rer och lager. Under denna period var jag ocks\u00e5 ansvarig f\u00f6r gruppen inom Sogeti som arbetade f\u00f6r Findus, som mest fem personer.[\/stm_icon_box][\/vc_column_inner][\/vc_row_inner][vc_row_inner][vc_column_inner width=&#8221;1\/3&#8243;][stm_icon_box icon=&#8221;stm-stm14-arrow&#8221; style=&#8221;icon_left&#8221; icon_size=&#8221;24&#8243; icon_width=&#8221;70&#8243; title=&#8221;Konsult, Cap Gemini&#8221;]<em>1996-06\u00a0 \u2013\u00a0 2000-01<\/em><\/p>\n<p>Arkitektuppdrag inom integrationsomr\u00e5det och Lotus Notes, kvalitetsgranskning, projektledare, utbildning, workshops och tekniska s\u00e4ljuppdrag.[\/stm_icon_box][\/vc_column_inner][vc_column_inner width=&#8221;1\/3&#8243;][stm_icon_box icon=&#8221;stm-stm14-arrow&#8221; style=&#8221;icon_left&#8221; icon_size=&#8221;24&#8243; icon_width=&#8221;70&#8243; title=&#8221;Konsult, Cap Programator&#8221;]<em>1995-08\u00a0 \u2013\u00a0 1996-06<\/em><\/p>\n<p>Min f\u00f6rsta anst\u00e4llning efter h\u00f6gskolan. Konsult p\u00e5 Cap Programator i Helsingborg. Mitt\u00a0 huvudomr\u00e5de var Lotus Notes d\u00e4r jag hanterade allt fr\u00e5n utveckling till administration av plattformen.[\/stm_icon_box][\/vc_column_inner][vc_column_inner width=&#8221;1\/3&#8243;][\/vc_column_inner][\/vc_row_inner][stm_spacing][stm_icon_box]<\/p>\n<p style=\"text-align: center;\"><strong><em>L\u00e4s mer p\u00e5 &#8220;Om Oss &#8211; Tidigare Uppdrag&#8221; d\u00e4r du hittar utf\u00f6rlig vad varje uppdrag nedan handlade om.<\/em><\/strong><\/p>\n<p>[\/stm_icon_box][\/vc_column][\/vc_row][vc_row full_width=&#8221;stretch_row&#8221; css=&#8221;.vc_custom_1560149431884{margin-bottom: 73px !important;background-image: url(http:\/\/hjalmcon.se\/wp-content\/uploads\/2019\/06\/hjalmsjon-2-1.jpg?id=1741) !important;background-position: center !important;background-repeat: no-repeat !important;background-size: cover !important;}&#8221;][vc_column][stm_testimonials count=&#8221;5&#8243; style=&#8221;style_3&#8243; navigation_type=&#8221;bullets&#8221;][\/vc_column][\/vc_row][vc_row css=&#8221;.vc_custom_1451479401686{margin-bottom: 31px !important;}&#8221;][vc_column][vc_custom_heading text=&#8221;nyheter&#8221; font_container=&#8221;tag:h2|font_size:45px|text_align:center&#8221; use_theme_fonts=&#8221;yes&#8221;][\/vc_column][\/vc_row][vc_row css=&#8221;.vc_custom_1451043728133{margin-bottom: 32px !important;}&#8221;][vc_column][stm_news posts_per_row=&#8221;4&#8243;][\/vc_column][\/vc_row]<\/p>\n","protected":false},"excerpt":{"rendered":"<p>[vc_row css=&#8221;.vc_custom_1450677977665{margin-bottom: 0px !important;}&#8221;][vc_column][rev_slider_vc alias=&#8221;main_slider&#8221;][stm_spacing][\/vc_column][\/vc_row][vc_row css=&#8221;.vc_custom_1450856873482{margin-bottom: 37px !important;}&#8221;][vc_column width=&#8221;1\/4&#8243;][vc_empty_space height=&#8221;50px&#8221;][vc_single_image image=&#8221;1896&#8243; img_size=&#8221;medium&#8221; style=&#8221;vc_box_circle_2&#8243;][stm_icon_box]Markus Edholm VD \/ Senior Konsult[\/stm_icon_box][\/vc_column][vc_column width=&#8221;3\/4&#8243;][stm_icon_box title=&#8221;V\u00e4lkommen till Hjalmcon AB&#8221;]Hjalmcon AB \u00e4r ett enpersonsbolag som startade 2019. Efter 12 \u00e5r som IT konsult och lika m\u00e5nga \u00e5r p\u00e5 kundsidan \u00e4r det nu dags f\u00f6r mig att starta mitt eget f\u00f6retag. F\u00f6retaget heter<\/p>\n","protected":false},"author":1,"featured_media":0,"parent":0,"menu_order":0,"comment_status":"closed","ping_status":"closed","template":"","meta":{"_monsterinsights_skip_tracking":false,"_monsterinsights_sitenote_active":false,"_monsterinsights_sitenote_note":"","_monsterinsights_sitenote_category":0,"footnotes":""},"class_list":["post-979","page","type-page","status-publish","hentry"],"_links":{"self":[{"href":"https:\/\/hjalmcon.se\/index.php?rest_route=\/wp\/v2\/pages\/979","targetHints":{"allow":["GET"]}}],"collection":[{"href":"https:\/\/hjalmcon.se\/index.php?rest_route=\/wp\/v2\/pages"}],"about":[{"href":"https:\/\/hjalmcon.se\/index.php?rest_route=\/wp\/v2\/types\/page"}],"author":[{"embeddable":true,"href":"https:\/\/hjalmcon.se\/index.php?rest_route=\/wp\/v2\/users\/1"}],"replies":[{"embeddable":true,"href":"https:\/\/hjalmcon.se\/index.php?rest_route=%2Fwp%2Fv2%2Fcomments&post=979"}],"version-history":[{"count":31,"href":"https:\/\/hjalmcon.se\/index.php?rest_route=\/wp\/v2\/pages\/979\/revisions"}],"predecessor-version":[{"id":1949,"href":"https:\/\/hjalmcon.se\/index.php?rest_route=\/wp\/v2\/pages\/979\/revisions\/1949"}],"wp:attachment":[{"href":"https:\/\/hjalmcon.se\/index.php?rest_route=%2Fwp%2Fv2%2Fmedia&parent=979"}],"curies":[{"name":"wp","href":"https:\/\/api.w.org\/{rel}","templated":true}]}}